culate the remainder when b is divided by 15.
12
Let m = 36 + -8. What is the remainder when m is divided by 10?
8
What is the remainder when 42 is divided by -2*((-18)/24 - -1)*-38?
4
Suppose 3*o + 67 = 2*c, 16 + 129 = 4*c + 5*o. What is the remainder when (-3 + 6)*c/21 is divided by 3?
2
Let p(v) = -12*v + 113. What is the remainder when 94 is divided by p(7)?
7
Let o = -18 - -18. Suppose o*h + 3*h = -123. Let w = -22 - h. Calculate the remainder when 36 is divided by w.
17
Let x = -4 - -4. Suppose y + 3*t = -x*t + 19, 62 = 3*y + 4*t. Let j = y - 14. What is the remainder when 21 is divided by j?
5
Let y(p) = -20*p - 403. What is the remainder when 182 is divided by y(-22)?
34
What is the remainder when 227 is divided by (-318)/(-14) + 6/21?
20
Suppose -s = 3*c - 3, 2*c - 6*c + 26 = 5*s. Suppose 0*n - 96 = -s*n. Calculate the remainder when 57 is divided by n.
9
Calculate the remainder when 4600/64 - (-4)/32 is divided by 25.
22
Suppose -112*y + 64*y = -18336. What is the remainder when y is divided by 114?
40
Let f = -160 + 354. Calculate the remainder when f is divided by 10.
4
Let c(p) be the third derivative of -p**4/24 + p**3 + p**2. Let q be c(4). Suppose q*a = -1 + 15. What is the remainder when a is divided by 4?
3
Let k(c) = c**3 - 14*c**2 + 25*c + 30. Calculate the remainder when k(12) is divided by 26.
16
Suppose -1446 - 1054 = -10*u. What is the remainder when u is divided by 33?
19
Let u(i) = i**3 + 9*i**2 - 6*i - 12. What is the remainder when u(-5) is divided by 105?
13
Suppose 2*n - 11 - 1 = -5*t, n = -4*t + 6. Calculate the remainder when n is divided by 3.
0
Suppose 390 = 11*p - 50. Suppose 31 = -p*n + 41*n. Calculate the remainder when n is divided by 17.
14
What is the remainder when 74 is divided by 108/(-9) - -2 - -56?
28
Let i = 276 + -187. What is the remainder when 177 is divided by i?
88
Let a(c) = 7*c**2 - 3*c - 2. Let o(h) = -3*h**2 + 17*h - 6. Calculate the remainder when a(-2) is divided by o(3).
14
Let u(h) = 5*h**2 - 71*h - 29. Calculate the remainder when 92 is divided by u(15).
30
Let i(q) = -q**3 - 6*q**2 - 5*q - 2. Let l be i(-3). Let c(v) = v**3 + 14*v**2 - 6*v - 29. Calculate the remainder when c(l) is divided by ((-28)/10)/(1/(-5)).
13
Let u(p) = p**3 + 5*p**2 - 2*p - 9. Suppose 6*q = 19*q + 65. Calculate the remainder when 2 is divided by u(q).
0
Let g(h) be the second derivative of -h**5/20 + 11*h**4/6 - 10*h**3/3 - h**2 - h. Calculate the remainder when 91 is divided by g(21).
15
Suppose 16*i = 19*i - 180. What is the remainder when i is divided by (9/(-6))/((-6)/124)?
29
Let c = -5 + 20. Suppose 3990 = 14*a - 12*a. Calculate the remainder when 6/(-5)*a/(-42) is divided by c.
12
Let c = -146 + 165. Calculate the remainder when 206 is divided by c.
16
Suppose 5*l + m - 35 = 9, -5*l + 48 = -3*m. Let j be (-36)/(-21) + (-4)/(-14). Calculate the remainder when j/(4/35)*2 is divided by l.
8
Suppose 0 = -2*k + 4*g - g - 6348, 2*k + 6350 = 2*g. Calculate the remainder when 48 is divided by (-4)/26 + k/(-117).
21
Suppose 4*f - 1513 = 1051. Calculate the remainder when f is divided by 6.
5
Let s be (-6 + (-25)/(-5))*(-1)/(-1). Let x(h) = h - 1. Let k(f) = -f + 4. Let u(q) = -k(q) - 5*x(q). What is the remainder when 24 is divided by u(s)?
4
Let f be (-48)/40*(-10)/4. Let z be (12/(-9))/(-1)*f. Suppose -z*a - 43 = -123. What is the remainder when a is divided by 7?
6
Let i(c) = -c. Let p(l) = 2*l**3 + 7*l**2 - 3*l + 5. Let u(z) = 4*i(z) + p(z). Calculate the remainder when 31 is divided by u(-4).
14
Calculate the remainder when 415 is divided by (-140)/((-84)/12) - (6 - 2).
15
Let t = 110 + -51. Let i = 1985 + -1870. What is the remainder when i is divided by t?
56
Let c(a) = 4*a**3 - a + 1. Let j be c(1). Let o be 15/j + (-9)/12. Calculate the remainder when 0/(-2) - (-60)/o is divided by 11.
9
Suppose 1044*v = 1055*v - 352. What is the remainder when 108 is divided by v?
12
Suppose -5*l + 3*d = -327, 2*l - 6*l - 5*d = -232. Suppose -11*w = -10*w - l. Calculate the remainder when w is divided by 22.
19
Suppose 37 = 5*a + 5*g - g, -5*a + 16 = -3*g. Let b(o) = -3*o**2 + 6*o + 6. Let s be b(a). Let j = s - -66. What is the remainder when 53 is divided by j?
26
Let f be 8/(-4) + (0 - -6). Let a = f + 12. Suppose 122 = -2*h + 4*h. What is the remainder when h is divided by a?
13
Suppose -4*s = 2*q - 28, -2*q + 2*s = 5*s - 23. What is the remainder when 29 is divided by q + -8 + 19 + 1?
13
Let k = 22 + -15. Suppose -2*j + k*j = 5. What is the remainder when 44 is divided by (-60)/24*j*-6?
14
Suppose 0 = -5*n - 5*s + 520, 2*n + 5*s = 7*s + 208. Let w = n + -64. Calculate the remainder when w is divided by 22.
18
What is the remainder when 769 is divided by (-18)/15 + (-1068)/(-15)?
69
Let i = 37 + -23. Let u(s) = -19*s + 8. Calculate the remainder when u(-1) is divided by i.
13
Suppose -2*s - 8*l + 6*l + 198 = 0, -3*s + 2*l + 312 = 0. What is the remainder when s is divided by 19?
7
Suppose 15*t + 1813 - 5818 = 0. Calculate the remainder when t is divided by 92.
83
Suppose 2*u - 2 - 2 = 0. Let c be (u - -1) + (-6 - -9). Suppose 0 = -c*v + 249 - 9. Calculate the remainder when v is divided by 6.
4
Suppose 18*s - 32 = 14*s. Suppose 6*a + 9 = 195. What is the remainder when a is divided by s?
7
Let f(u) = 3*u**2 + 15*u + 7. What is the remainder when f(-6) is divided by 22?
3
Let d = -9 + 4. Let x = -12 - d. Let v = 50 + x. What is the remainder when v is divided by 23?
20
Let n(s) = -s**3 + s**2 - 4*s + 88. Calculate the remainder when n(0) is divided by 13.
10
Suppose -t = -2, -2*a + 4*t + 8 = -0. Let h = 13910 - 13890. Calculate the remainder when h is divided by a.
4
Suppose 3*w + 3*o - 71 - 55 = 0, 4*w = o + 173. Suppose -34 - w = -7*b. What is the remainder when b is divided by 6?
5
Let x(i) be the second derivative of -i**4/12 + 11*i**3/3 - 19*i**2 - 8*i. What is the remainder when x(19) is divided by 11?
8
Let u = -4 + 10. Let m = -143 + 181. Suppose u*n - 8*n = -m. What is the remainder when n is divided by 11?
8
Let m = -412 + 438. What is the remainder when (-517)/(-5) - (-6)/(-15) is divided by m?
25
Let w(y) = y**2 + 9*y - 9. Let f be w(-11). Suppose -2*g + f = 9. Suppose 84 + 87 = 3*k + 3*p, g*k + p = 119. Calculate the remainder when k is divided by 16.
14
Let o(w) = -w**3 + 7*w**2 + 2*w + 8. Let p = 247 + -481. Let s = -219 - p. Calculate the remainder when o(6) is divided by s.
11
Let h = 35 + -35. Suppose h = -3*c + 7*c + 180. What is the remainder when 59 is divided by 1 + c*6/(-9)?
28
Let v = 1387 + -1378. Let t(k) = 4*k**2 - 7*k + 6. What is the remainder when t(4) is divided by v?
6
Let f(a) = -a**3 - 15*a**2 + 14*a - 14. Let n be f(-16). Let r = -10 + n. What is the remainder when r is divided by 4?
0
Suppose 0*k - 2*k = -40. Let s = 131 + -74. Calculate the remainder when s is divided by k.
17
Let r(z) = z**3 - 9*z**2 + 18*z + 18. Calculate the remainder when 105 is divided by r(6).
15
Suppose -4*a + 15 = -a. Suppose 97 = 3*u + 2*u - 3*x, 5*u - 65 = -a*x. Calculate the remainder when 83 is divided by u.
15
Let u be (-8)/12*3 - -2. Suppose p - 43 + 6 = u. What is the remainder when p is divided by 7?
2
Let j be 183/2 - (-7)/14. Suppose j*o + 120 = 96*o. What is the remainder when 147 is divided by o?
27
Let x = -2912 + 3006. Calculate the remainder when x is divided by 47.
0
Let g = -28 + 37. What is the remainder when 9 is divided by -2*4/((-24)/g)?
0
Let v be ((-3)/2)/((-2)/(-12)). Suppose -2*n + 6 = -14. Calculate the remainder when (-51)/2*6/v is divided by n.
7
Let c(p) = p**3 - 9*p**2 + 2*p - 8. Let x be c(9). Suppose -5*f + 0*f = x. What is the remainder when f/(-4) - (-219)/6 is divided by 13?
11
Let g = 168 + -100. Let d = -4223 - -4237. Calculate the remainder when g is divided by d.
12
Suppose 0 = -38*j + 1571 - 279. Calculate the remainder when j is divided by 26.
8
Suppose 343 = -9*p + 1225. Calculate the remainder when p is divided by (-48)/6*(-91)/56.
7
Suppose -5*w = -4*u - 33, 2*w - 7 + 1 = -2*u. Calculate the remainder when 46 is divided by w.
1
Suppose 2*i - 2*n - 48 = 0, 3*i - n = -0*n + 62. What is the remainder when 2352 is divided by i?
15
Let s(w) = -w + 3. Let a be s(2). Let c be (5 - 13)/(-1 - a). Suppose -8*u = -c*u - 4, 0 = 2*j - 5*u - 35. What is the remainder wh